{"id":4205,"date":"2025-08-20T16:11:59","date_gmt":"2025-08-20T19:11:59","guid":{"rendered":"https:\/\/espacovcmais.com\/index.php\/product\/po-acrilico-soft-white-20g\/"},"modified":"2025-08-29T12:55:28","modified_gmt":"2025-08-29T15:55:28","slug":"po-acrilico-soft-white-20g","status":"publish","type":"product","link":"https:\/\/espacovcmais.com\/index.php\/product\/po-acrilico-soft-white-20g\/","title":{"rendered":"P\u00f3 Acr\u00edlico Soft White 20g"},"content":{"rendered":"<p>P\u00f3 acr\u00edlico fino para constru\u00e7\u00e3o, encapsulamento e nail art. Alta ader\u00eancia e rea\u00e7\u00e3o perfeita com l\u00edquido.<\/p>\n","protected":false},"excerpt":{"rendered":"<p>P\u00f3 Acr\u00edlico Soft White para constru\u00e7\u00e3o.<\/p>\n","protected":false},"featured_media":4285,"comment_status":"open","ping_status":"closed","template":"","meta":[],"product_brand":[],"product_cat":[300],"product_tag":[329,312],"class_list":{"0":"post-4205","1":"product","2":"type-product","3":"status-publish","4":"has-post-thumbnail","6":"product_cat-nails-21","7":"product_tag-po-acrilico","8":"product_tag-soft-white","10":"first","11":"instock","12":"taxable","13":"shipping-taxable","14":"purchasable","15":"product-type-simple"},"_links":{"self":[{"href":"https:\/\/espacovcmais.com\/index.php\/wp-json\/wp\/v2\/product\/4205","targetHints":{"allow":["GET"]}}],"collection":[{"href":"https:\/\/espacovcmais.com\/index.php\/wp-json\/wp\/v2\/product"}],"about":[{"href":"https:\/\/espacovcmais.com\/index.php\/wp-json\/wp\/v2\/types\/product"}],"replies":[{"embeddable":true,"href":"https:\/\/espacovcmais.com\/index.php\/wp-json\/wp\/v2\/comments?post=4205"}],"version-history":[{"count":1,"href":"https:\/\/espacovcmais.com\/index.php\/wp-json\/wp\/v2\/product\/4205\/revisions"}],"predecessor-version":[{"id":4330,"href":"https:\/\/espacovcmais.com\/index.php\/wp-json\/wp\/v2\/product\/4205\/revisions\/4330"}],"wp:featuredmedia":[{"embeddable":true,"href":"https:\/\/espacovcmais.com\/index.php\/wp-json\/wp\/v2\/media\/4285"}],"wp:attachment":[{"href":"https:\/\/espacovcmais.com\/index.php\/wp-json\/wp\/v2\/media?parent=4205"}],"wp:term":[{"taxonomy":"product_brand","embeddable":true,"href":"https:\/\/espacovcmais.com\/index.php\/wp-json\/wp\/v2\/product_brand?post=4205"},{"taxonomy":"product_cat","embeddable":true,"href":"https:\/\/espacovcmais.com\/index.php\/wp-json\/wp\/v2\/product_cat?post=4205"},{"taxonomy":"product_tag","embeddable":true,"href":"https:\/\/espacovcmais.com\/index.php\/wp-json\/wp\/v2\/product_tag?post=4205"}],"curies":[{"name":"wp","href":"https:\/\/api.w.org\/{rel}","templated":true}]}}