{"id":4096,"date":"2025-08-20T13:42:23","date_gmt":"2025-08-20T16:42:23","guid":{"rendered":"https:\/\/espacovcmais.com\/index.php\/product\/gel-gummy-baby-pink-30g\/"},"modified":"2025-10-16T04:59:50","modified_gmt":"2025-10-16T07:59:50","slug":"gel-gummy-baby-pink-30g","status":"publish","type":"product","link":"https:\/\/espacovcmais.com\/index.php\/product\/gel-gummy-baby-pink-30g\/","title":{"rendered":"Gel Gummy Baby Pink 30g"},"content":{"rendered":"<p>Gel firme com part\u00edculas s\u00f3lidas. Rosa leitoso ideal para iniciantes e t\u00e9cnicas como Molde F1.<\/p>\n","protected":false},"excerpt":{"rendered":"<p>Gel Gummy Baby Pink para constru\u00e7\u00e3o.<\/p>\n","protected":false},"featured_media":4637,"comment_status":"open","ping_status":"closed","template":"","meta":[],"product_brand":[],"product_cat":[112],"product_tag":[228,227,225],"class_list":{"0":"post-4096","1":"product","2":"type-product","3":"status-publish","4":"has-post-thumbnail","6":"product_cat-bluwe","7":"product_tag-baby-pink","8":"product_tag-controle","9":"product_tag-gel-gummy","11":"first","12":"instock","13":"taxable","14":"shipping-taxable","15":"purchasable","16":"product-type-simple"},"_links":{"self":[{"href":"https:\/\/espacovcmais.com\/index.php\/wp-json\/wp\/v2\/product\/4096","targetHints":{"allow":["GET"]}}],"collection":[{"href":"https:\/\/espacovcmais.com\/index.php\/wp-json\/wp\/v2\/product"}],"about":[{"href":"https:\/\/espacovcmais.com\/index.php\/wp-json\/wp\/v2\/types\/product"}],"replies":[{"embeddable":true,"href":"https:\/\/espacovcmais.com\/index.php\/wp-json\/wp\/v2\/comments?post=4096"}],"version-history":[{"count":0,"href":"https:\/\/espacovcmais.com\/index.php\/wp-json\/wp\/v2\/product\/4096\/revisions"}],"wp:featuredmedia":[{"embeddable":true,"href":"https:\/\/espacovcmais.com\/index.php\/wp-json\/wp\/v2\/media\/4637"}],"wp:attachment":[{"href":"https:\/\/espacovcmais.com\/index.php\/wp-json\/wp\/v2\/media?parent=4096"}],"wp:term":[{"taxonomy":"product_brand","embeddable":true,"href":"https:\/\/espacovcmais.com\/index.php\/wp-json\/wp\/v2\/product_brand?post=4096"},{"taxonomy":"product_cat","embeddable":true,"href":"https:\/\/espacovcmais.com\/index.php\/wp-json\/wp\/v2\/product_cat?post=4096"},{"taxonomy":"product_tag","embeddable":true,"href":"https:\/\/espacovcmais.com\/index.php\/wp-json\/wp\/v2\/product_tag?post=4096"}],"curies":[{"name":"wp","href":"https:\/\/api.w.org\/{rel}","templated":true}]}}