{"id":4063,"date":"2025-08-20T08:09:14","date_gmt":"2025-08-20T11:09:14","guid":{"rendered":"https:\/\/espacovcmais.com\/index.php\/product\/oleo-de-cuticula-10ml\/"},"modified":"2025-10-16T09:23:19","modified_gmt":"2025-10-16T12:23:19","slug":"oleo-de-cuticula-10ml","status":"publish","type":"product","link":"https:\/\/espacovcmais.com\/index.php\/product\/oleo-de-cuticula-10ml\/","title":{"rendered":"\u00d3leo de Cut\u00edcula 10ml"},"content":{"rendered":"<p>\u00d3leo hidratante com aroma de frutas vermelhas. Auxilia na sa\u00fade da cut\u00edcula.<\/p>\n","protected":false},"excerpt":{"rendered":"<p>\u00d3leo para hidrata\u00e7\u00e3o de cut\u00edculas.<\/p>\n","protected":false},"featured_media":4677,"comment_status":"open","ping_status":"closed","template":"","meta":[],"product_brand":[],"product_cat":[135],"product_tag":[192,193,189],"class_list":{"0":"post-4063","1":"product","2":"type-product","3":"status-publish","4":"has-post-thumbnail","6":"product_cat-anylovy","7":"product_tag-cuticula","8":"product_tag-frutas-vermelhas","9":"product_tag-oleo","11":"first","12":"instock","13":"taxable","14":"shipping-taxable","15":"purchasable","16":"product-type-simple"},"_links":{"self":[{"href":"https:\/\/espacovcmais.com\/index.php\/wp-json\/wp\/v2\/product\/4063","targetHints":{"allow":["GET"]}}],"collection":[{"href":"https:\/\/espacovcmais.com\/index.php\/wp-json\/wp\/v2\/product"}],"about":[{"href":"https:\/\/espacovcmais.com\/index.php\/wp-json\/wp\/v2\/types\/product"}],"replies":[{"embeddable":true,"href":"https:\/\/espacovcmais.com\/index.php\/wp-json\/wp\/v2\/comments?post=4063"}],"version-history":[{"count":0,"href":"https:\/\/espacovcmais.com\/index.php\/wp-json\/wp\/v2\/product\/4063\/revisions"}],"wp:featuredmedia":[{"embeddable":true,"href":"https:\/\/espacovcmais.com\/index.php\/wp-json\/wp\/v2\/media\/4677"}],"wp:attachment":[{"href":"https:\/\/espacovcmais.com\/index.php\/wp-json\/wp\/v2\/media?parent=4063"}],"wp:term":[{"taxonomy":"product_brand","embeddable":true,"href":"https:\/\/espacovcmais.com\/index.php\/wp-json\/wp\/v2\/product_brand?post=4063"},{"taxonomy":"product_cat","embeddable":true,"href":"https:\/\/espacovcmais.com\/index.php\/wp-json\/wp\/v2\/product_cat?post=4063"},{"taxonomy":"product_tag","embeddable":true,"href":"https:\/\/espacovcmais.com\/index.php\/wp-json\/wp\/v2\/product_tag?post=4063"}],"curies":[{"name":"wp","href":"https:\/\/api.w.org\/{rel}","templated":true}]}}